ctors of w(9)?
2
List the prime factors of 1 + (-22 + 2)/(-4).
2, 3
Suppose -z - 4 = -2. Let n(g) = -4*g**3 + 3*g**3 - 2 - 2*g**2 + g**2. What are the prime factors of n(z)?
2
Let k be (6/(-8))/(2/(-24)). Suppose 5*w = 6 + k. Suppose 15 = -w*q, 0*q - 25 = -5*t - 4*q. What are the prime factors of t?
3
Suppose 3*u - 6 - 3 = 0. Suppose u*n = n + 12. What are the prime factors of n?
2, 3
Suppose 2*q = 5*q - 114. List the prime factors of q.
2, 19
Suppose 5*s = 13*s - 2344. What are the prime factors of s?
293
Let b(z) = z**2 - 4*z + 7. Let u be b(6). Let m = u + 7. List the prime factors of m.
2, 13
Let o(r) be the second derivative of r**5/20 + r**4/6 - r**3/3 - r**2 + 7*r. List the prime factors of o(-2).
2
Suppose 3*b - 17 = -2. List the prime factors of (-24)/(3 - b) + -2.
2, 5
Let i = -2 + 7. Let r(w) = w**3 - 5*w**2 - w + 6. Let g be r(i). List the prime factors of (-44)/(-4) + g + 0.
2, 3
Let w be (-98)/(-3) - 8/12. Let x = w - 16. List the prime factors of x.
2
Suppose -5*u = -5*x - 215, 24 = -3*u + x + 143. Suppose -13 = -3*d + u. List the prime factors of d.
17
Suppose -5*t + 2*x = -30, -2*t - x = -t - 6. Let d = t - 6. Suppose d*u = -5*u + 10. List the prime factors of u.
2
Let v be (2/(-3))/(7/42). Let g be (v/(-6))/((-2)/(-6)). Suppose g = w - 2. List the prime factors of w.
2
Let q be (0 + -1)/((-1)/2). Suppose -3*o - 3 = 3. List the prime factors of (o - q/2) + 7.
2
Let d(h) = 3*h - 1. Let r be d(5). Suppose 2*b - r = -2*k, 3*k - 1 = -0*k + b. What are the prime factors of k?
2
Suppose 2*z - 3*z = -3*w + 47, 5*w - 5*z = 75. List the prime factors of w.
2
Let z(g) = -25*g**3 - 4*g**2 - g + 1. List the prime factors of z(-2).
11, 17
Let p = -16 - -63. What are the prime factors of p?
47
Suppose -h = 4*h - 20. Suppose 44 = 4*w - 4*t, 0 = h*t - 1 - 3. Suppose -l = 3 - w. List the prime factors of l.
3
Let i = 11 - 7. Let d = 7 - i. Suppose -6*u - 3*o + 24 = -d*u, 4*u - 44 = -o. What are the prime factors of u?
2, 3
Let y(p) = -p + 9. Let a(m) = 1. Let g(s) = 4*a(s) + y(s). Let q be g(10). Suppose 2*u - 2*x - x - 21 = 0, x - 15 = -q*u. What are the prime factors of u?
2, 3
Let x = 5 - 4. Let f be (33/(-9))/(x/(-3)). Suppose -3*d + 3*r - r = -33, 5*r + f = d. What are the prime factors of d?
11
Let m(g) = 100*g**2 + 2*g - 2. List the prime factors of m(1).
2, 5
Let h = -5 + 5. Suppose h = -5*q + 7*q. Let d = 11 + q. List the prime factors of d.
11
Suppose -4*a + 46 = -2. Suppose 0 = 6*k - 2*k - w - 11, 3*k = -3*w + a. What are the prime factors of k?
3
Let n be (7 - 5) + 1/1. Suppose -3*j + 51 = n*c, 4*c - j = 4*j + 23. List the prime factors of c.
2, 3
Let s(x) = -4 + 5*x**3 + 5 + 2*x**2 - 3 + 1. Let h be s(1). Suppose -i + 2*n - h*n - 18 = 0, -4*n - 22 = -i. What are the prime factors of i?
2
Suppose s - 3*s - 5*n + 128 = 0, 116 = 2*s - n. List the prime factors of s.
59
Let s = -25 + 73. What are the prime factors of s?
2, 3
Suppose -4*f + f - 3*s + 9 = 0, -5*s = -4*f + 3. Suppose 15 + 11 = f*h. What are the prime factors of h?
13
What are the prime factors of (-1)/(1 - -1)*-62?
31
Suppose -m + 3 = -25. Suppose -5*w + m = 8. Suppose -4*c + 32 = w. List the prime factors of c.
7
Let x be 2/9 - 20/9. Let b = 9 + x. What are the prime factors of b?
7
Suppose -3*a + 5*b = -135 - 121, 192 = 2*a + 2*b. List the prime factors of a.
2, 23
Let k = 11 + -8. Suppose -x - 24 = -k*x. List the prime factors of x.
2, 3
Let o(s) = -30*s + 3. List the prime factors of o(-4).
3, 41
What are the prime factors of 7/(-4)*(-5 - 15)?
5, 7
Let p be -1 + 0 + 0 + 4. Suppose 0 = p*r - r - 8. Let d = 8 - r. What are the prime factors of d?
2
Let l(h) = -3*h - 16. Let w be l(-7). Let f(i) = 8*i + 9. List the prime factors of f(w).
7
Suppose 17*k + 52 = 18*k. What are the prime factors of k?
2, 13
What are the prime factors of (292/4 - 1) + 1?
73
Let w be 0*(-2)/4*1. Suppose -a + 4 = -w. Suppose -5*h + x + 62 = 0, -2*h - x + a*x + 30 = 0. What are the prime factors of h?
2, 3
Suppose 4*d = -2*a + 418, -3*d + 6*a - 4*a + 310 = 0. What are the prime factors of d/12 - (-2)/6?
3
Let u = 77 - 47. List the prime factors of u.
2, 3, 5
Let z be (-22)/((2 - 1)*-1). Suppose 2*f + 4*h = z, -4*f - 2*h + h + 23 = 0. Suppose -f*q + 24 = -q. What are the prime factors of q?
2, 3
Let r(h) be the second derivative of h**5/20 + h**3/6 + 4*h**2 - 2*h. Let x = 2 - 2. List the prime factors of r(x).
2
Let w(p) be the first derivative of p**2/2 + 3*p - 1. Let u(h) = h**3 - 5*h**2 + 4*h + 3. Let o be u(4). What are the prime factors of w(o)?
2, 3
Let w be 1/((-58)/30 + 2). Let x = w + -7. Suppose j - x + 4 = 0. What are the prime factors of j?
2
Let m = -10 - -11. List the prime factors of m/((8/2)/92).
23
Let h = -2 - -7. Let m be 160/28 + 4/14. Let r = m + h. What are the prime factors of r?
11
Let c = 91 - 31. Let x be (-2)/8 + c/(-16). Let n = x + 14. List the prime factors of n.
2, 5
Let u = -9 - -22. Suppose u = 2*z - 9. List the prime factors of z.
11
Let n be (-6 - -3)*(1 + 0). Let w be n*-1*2/(-1). List the prime factors of (-2)/(-3) + (-38)/w.
7
Let z(d) = 54*d**3 + d - 1. What are the prime factors of z(1)?
2, 3
Suppose -i - 3 = 0, 0*j = -j + 2*i + 3. Let y(o) = o**3 + 2*o**2 + 2*o + 2. Let g be y(-2). List the prime factors of -14*(j/(-2) + g).
7
Suppose q - 10 = 2*w - 3, -2*w = 4*q - 38. List the prime factors of 291/q - (-6)/9.
3, 11
Suppose -10*s = -7*s - 81. Suppose 0*i + s = 3*i + 3*j, 4*j = -16. List the prime factors of i.
13
Suppose 0 = j - 1. Suppose 0 = 3*m + j + 5, 0 = -5*l - m + 18. Suppose 0*d - l*d + 5*p = -105, -4*d = -3*p - 95. What are the prime factors of d?
2, 5
Suppose 3*x + x + 12 = 0. Let b = 1 - x. Suppose -b*p = -29 - 15. List the prime factors of p.
11
Let z be (-2)/2 - 1 - -100. Let p = 173 - z. Suppose 2*j = 7*j - p. What are the prime factors of j?
3, 5
Let p(o) be the third derivative of -o**6/6 - o**4/24 + 8*o**2. List the prime factors of p(-1).
3, 7
Let b = 270 - 166. List the prime factors of b.
2, 13
Suppose -2*n = -14 - 18. Suppose 3*h = -9, n + 1 = o - 2*h. List the prime factors of o.
11
Let l(b) = b**3 - b + 1. Let n be l(0). Suppose k - 6 = 4*h + n, 2*h + 9 = -5*k. List the prime factors of (-3)/h*8/6.
2
Let x(u) = -u - 1. Let f be x(-3). Suppose 2*h - 68 = -f*h. What are the prime factors of h?
17
Suppose -4*h - 3*q - 18 = 0, -3*h + 0*q - 5*q = 8. Let w(n) = n**3 + 7*n**2 - 4. List the prime factors of w(h).
2
Let q = -44 + 72. What are the prime factors of q?
2, 7
Suppose 2*m = -0*o + o + 22, 16 = 4*m + 5*o. Let r(y) = -y + 17. What are the prime factors of r(m)?
2
Let u(a) = 4*a. Let s(t) = -5 + 5*t**3 + 6*t - 7*t**3 + 3*t**2 + t**3. Let m be s(4). List the prime factors of u(m).
2, 3
Let y(i) = -10*i - 45. What are the prime factors of y(-10)?
5, 11
Let z = 10 - 5. Let u(t) = 6*t**2 + 0*t**3 + 3 - 4*t**3 + 3*t**3 - t**2. What are the prime factors of u(z)?
3
Let h be (-28)/16 + 1/(-4). Let a be 2 + (-4)/h + -2. Suppose a*w + w - 12 = 0. List the prime factors of w.
2
Let n = -7 - -5. What are the prime factors of 1*51/(-6)*n?
17
Suppose -2*i = -l - 4*i + 74, -4*l + 5*i + 231 = 0. Suppose -d - 2 = 0, 2*y - d + 2*d = l. What are the prime factors of y?
3, 11
Let d = 6 - 2. Let b be 98*(-2)/(-16)*d. Let j = b - 31. List the prime factors of j.
2, 3
Let v(x) = 9*x**2 + 3*x - 12. List the prime factors of v(-5).
2, 3, 11
Let h be (-1 - (-2)/1)*3. Suppose h*f = 2 + 25. What are the prime factors of f?
3
Let c = 43 - 20. Let s be -40*(4/10 + 0). Let w = c + s. What are the prime factors of w?
7
Let z = 104 + 51. List the prime factors of z.
5, 31
Suppose -1 = -f + 3. Suppose 3*a - 66 = -5*t, -3*t + 56 = t + f*a. List the prime factors of (-3)/t + 66/8.
2
List the prime factors of -1 + (-1)/1 + (86 - 1).
83
Suppose 3*f - 4*z = -10, 4 = -0*z + z. Let c = -5 - -5. Suppose 4 = -c*v + f*v. List the prime factors of v.
2
Let j(a) = -2*a**3 - 8*a**2 + 11*a - 17. What are the prime factors of j(-7)?
2, 5
Let m be ((-40)/(-15))/((-2)/6). List the prime factors of m/(-8)*(0 - -5).
5
Let f = -117 - -231. List the prime factors of f.
2, 3, 19
Let u = 1 - 0. Let i = u - 25. List the prime factors of -3 - (-5)/((-15)/i).
5
Suppose -3*f = -0*f. Suppose -5*s + y = -80, -3*s = -f*y + 5*y - 48. List the prime factors of s.
2
Let x(b) = -2*b**3 - 2*b**2